
False
Is 309 a factor of 3853541163?
True
Does 4 divide 10550381?
False
Is 272078436 a multiple of 7532?
True
Is 67 a factor of 4472183?
True
Is 1523348791 a multiple of 449?
True
Is 217 a factor of 82969950?
True
Is 138601958 a multiple of 3427?
False
Does 680 divide 12797600?
True
Is 777332 a multiple of 69?
False
Does 172 divide 4624564?
True
Does 21 divide 139931232?
True
Is 17 a factor of 4615874?
True
Is 426797553 a multiple of 4089?
True
Is 395267824 a multiple of 12?
False
Is 153 a factor of 40309448?
False
Is 16 a factor of 558603152?
True
Is 950 a factor of 31240750?
True
Is 178601364 a multiple of 283?
False
Does 384 divide 13963008?
True
Is 4430756094 a multiple of 621?
False
Is 130463311 a multiple of 3083?
True
Does 1095 divide 729823322?
False
Is 1547 a factor of 1309796943?
True
Does 1143 divide 6374975?
False
Is 149 a factor of 400320341?
False
Is 57 a factor of 406076265?
True
Is 1899676 a multiple of 142?
True
Is 251 a factor of 32509771?
True
Is 101593415 a multiple of 2695?
True
Is 631376680 a multiple of 230?
True
Does 521 divide 67634136?
True
Is 41672796 a multiple of 189?
False
Is 21 a factor of 767483304?
True
Does 49 divide 150589642?
True
Is 132 a factor of 240053880?
True
Does 471 divide 9317793?
True
Is 584 a factor of 52681472?
True
Is 416393056 a multiple of 38?
True
Is 180 a factor of 365733360?
True
Does 313 divide 2072060?
True
Does 1136 divide 233502528?
True
Does 19 divide 5073513?
True
Is 933367 a multiple of 8?
False
Is 16 a factor of 8878480?
True
Is 384482888 a multiple of 632?
True
Is 24210693 a multiple of 19?
True
Is 2683 a factor of 1178526645?
False
Is 506 a factor of 45344492?
False
Does 6 divide 5122194?
True
Is 400 a factor of 272717200?
True
Is 4022 a factor of 366372446?
False
Does 41 divide 252315264?
False
Is 30 a factor of 11776860?
True
Is 55 a factor of 156417782?
False
Is 558 a factor of 67825634?
False
Does 432 divide 3608782848?
True
Is 2410171839 a multiple of 3303?
False
Is 2829076445 a multiple of 5261?
True
Does 110 divide 72195200?
True
Is 162102846 a multiple of 250?
False
Does 2 divide 319393?
False
Is 90360259 a multiple of 29?
True
Is 25 a factor of 12725576?
False
Is 27 a factor of 36055634?
False
Is 38 a factor of 43350464?
False
Is 2328265 a multiple of 14?
False
Does 20 divide 488224659?
False
Is 208 a factor of 70604680?
False
Does 2742 divide 248551332?
True
Is 6 a factor of 174895051?
False
Does 113 divide 745836386?
True
Is 5601 a factor of 687463310?
False
Does 117 divide 503008389?
True
Is 12 a factor of 101724394?
False
Does 90 divide 100937970?
True
Is 1308814808 a multiple of 1043?
True
Is 3273210 a multiple of 195?
False
Is 1163 a factor of 3242444?
True
Does 47 divide 813885370?
True
Is 71 a factor of 842098525?
False
Is 7117 a factor of 1542014747?
False
Is 658501068 a multiple of 19?
False
Is 5 a factor of 22335155?
True
Is 1787630090 a multiple of 19?
False
Is 54 a factor of 170465256?
True
Does 53 divide 619109483?
True
Is 77 a factor of 576571226?
True
Is 148 a factor of 110937396?
True
Is 4272167 a multiple of 11?
False
Does 155 divide 4241304?
False
Does 24 divide 3866899724?
False
Is 99582120 a multiple of 36?
True
Does 45 divide 9530865?
True
Is 546486948 a multiple of 1127?
False
Does 9 divide 1241895879?
True
Is 130 a factor of 49125072?
False
Is 1967 a factor of 28580510?
True
Does 60 divide 11025623?
False
Does 29 divide 121260810?
False
Does 46 divide 897728870?
True
Is 23 a factor of 11291114?
True
Does 1365 divide 108274780?
False
Is 1543880514 a multiple of 1398?
False
Does 283 divide 494838?
False
Is 3434654212 a multiple of 242?
True
Is 29654952 a multiple of 33?
False
Does 1481 divide 192198683?
False
Is 155 a factor of 3944206?
False
Is 859353192 a multiple of 18?
True
Is 10502361 a multiple of 121?
False
Does 449 divide 11445908?
True
Is 334400 a multiple of 183?
False
Is 1102138800 a multiple of 2844?
False
Does 256 divide 799744?
True
Is 1008 a factor of 2576448?
True
Is 4639215 a multiple of 3?
True
Is 2487660 a multiple of 17?
False
Is 822 a factor of 976832859?
False
Does 93 divide 2597828148?
True
Is 13 a factor of 4269941?
True
Is 17 a factor of 1836476?
True
Is 147 a factor of 227134968?
False
Is 8 a factor of 707568496?
True
Is 82486744 a multiple of 79?
True
Does 82 divide 264039360?
False
Does 24 divide 203561616?
True
Does 32 divide 44823596?
False
Is 648220080 a multiple of 203?
False
Is 21438506 a multiple of 102?
False
Does 5 divide 35130772?
False
Is 2101 a factor of 2423548330?
False
Is 953108321 a multiple of 1225?
False
Is 5242776 a multiple of 44?
True
Is 326712018 a multiple of 102?
True
Is 267773013 a multiple of 27?
True
Does 940 divide 4258545?
False
Is 36777702 a multiple of 425?
False
Is 197866861 a multiple of 393?
False
Is 2 a factor of 21784384?
True
Is 22977220 a multiple of 164?
True
Is 5226 a factor of 330452573?
False
Does 1171 divide 33407834?
False
Is 39713597 a multiple of 42?
False
Does 690 divide 18977070?
True
Does 109 divide 2334163714?
True
Is 78501467 a multiple of 150?
False
Is 83 a factor of 159412463?
False
Is 271 a factor of 11868190?
False
Is 64 a factor of 186828800?
True
Is 10 a factor of 2446751785?
False
Does 299 divide 78367003?
True
Is 19211536 a multiple of 632?
True
Is 23982123 a multiple of 13?
False
Is 258434750 a multiple of 85?
False
Does 898 divide 100355022?
False
Is 1006 a factor of 39638412?
True
Is 1328 a factor of 68850963?
False
Does 66 divide 54047994?
True
Is 1504683778 a multiple of 3727?
False
Does 134 divide 7785802?
True
Is 34 a factor of 578177684?
True
Is 2993151630 a multiple of 70?
True
Is 3056 a factor of 446330611?
False
Is 23 a factor of 96857071?
True
Is 497 a factor of 15178380?
True
Does 111 divide 33905283?
True
Is 72 a factor of 26712385?
False
Does 48 divide 83712689?
False
Is 1467540 a multiple of 36?
True
Does 571 divide 12208551?
True
Does 2258 divide 89959284?
False
Is 220 a factor of 105768018?
False
Does 2028 divide 813092124?
True
Is 1304804015 a multiple of 475?
False
Is 1881 a factor of 1439200935?
False
Is 804 a factor of 13578756?
True
Is 94 a factor of 133285702?
True
Is 5585490 a multiple of 10?
True
Is 33 a factor of 119021166?
True
Does 2682 divide 71609400?
True
Is 25 a factor of 86424275?
True
Is 192220407 a multiple of 207?
True
Is 9234006 a multiple of 87?
True
Is 657 a factor of 2293232220?
True
Does 11 divide 152873963?
True
Is 99269798 a multiple of 98?
False
Does 655 divide 9003707?
False
Does 1639 divide 1208098705?
True
Does 30 divide 485751982?
False
Is 340369669 a multiple of 12?
False
Is 45540117 a multiple of 63?
True
Is 18188108 a multiple of 135?
False
Is 302 a factor of 3334618164?
True
Does 2020 divide 98126985?
False
Is 4189 a factor of 203405273?
True
Is 446690 a multiple of 190?
True
Does 79 divide 212319088?
False
Does 434 divide 242226417?
False
Is 400422343 a multiple of 10049?
False
Does 19 divide 5427485?
False
Does 23 divide 170736790?
False
Does 14 divide 422959866?
True
Is 37951386 a multiple of 219?
True
Does 503 divide 70417217?
False
Does 2098 divide 40289992?
True
Is 998692177 a multiple of 71?
True
Is 233 a factor of 15688380?
False
Does 102 divide 6416718?
True
Is 1789941188 a multiple of 28?
True
Is 60684334 a multiple of 790?
False
Does 30 divide 318832500?
True
Is 19 a factor of 750048?
False
Is 88251692 a multiple of 596?
False
Is 31 a factor of 34438148?
True
Does 568 divide 18960976?
True
Is 703651760 a multiple of 3920?
True
Is 1002731835 a multiple of 43?
True
Is 67 a factor of 16067074?
False
Is 26 a factor of 60241220?
True
Is 3008047882 a multiple of 238?
False
Is 432 a factor of 41910912?
True
Is 8 a factor of 6544442?
False
Is 8 a factor of 11816016?
True
Is 5066 a factor of 145484868?
False
Does 18 divide 779285590?
False
Is 79429207 a multiple of 143?
True
Does 5108 divide 396038717?
False
Does 6152 divide 641985479?
False
Is 32426084 a multiple of 8?
False
Does 699 divide 373423275?
True
Does 44 divide 403151135?
False
Is 679712177 a multiple of 18?
False
Is 29146723 a multiple of 8?
False
Does 176 divide 61602563?
False
Is 220497350 a multiple of 3?
False
Is 8011300670 a multiple of 2243?
True
Is 17 a factor of 851283275?
False
Is 12297010 a multiple of 10?
True
Is 20611053 a multiple 